1010101100
In base 12, what is -35b234 - -1?
-35b233
In base 3, what is -11 + -22021010?
-22021021
In base 13, what is -544a2 + -3?
-544a5
In base 7, what is 5 + -142465?
-142460
In base 3, what is 1021012221 + -2?
1021012212
In base 10, what is 2943205 - -2?
2943207
In base 13, what is -7a2 + 97?
-708
In base 14, what is 1a + -8b0?
-894
In base 13, what is 4c1 - -262?
753
In base 12, what is -a8 + 22b?
143
In base 7, what is 5 - -23301?
23306
In base 8, what is -77 - 312?
-411
In base 5, what is -2 + 2124432?
2124430
In base 10, what is -12 - 2065?
-2077
In base 8, what is -166 + 1570?
1402
In base 9, what is 11 + -20818?
-20807
In base 13, what is 107 - 241?
-137
In base 14, what is -19 + a1c?
a03
In base 13, what is -40 - 2b7?
-327
In base 13, what is 193c - -4c?
198b
In base 14, what is 38d - -2275?
2624
In base 8, what is 16017 + 174?
16213
In base 16, what is -3 + -720c?
-720f
In base 10, what is 1570 - -2048?
3618
In base 9, what is -6 + -1431?
-1437
In base 10, what is 1 - 8887?
-8886
In base 2, what is 101 + 10011111011110011?
10011111011111000
In base 7, what is 4 + -311403?
-311366
In base 13, what is -4 + -62ba6?
-62baa
In base 16, what is 1153 + -1a8?
fab
In base 4, what is 30103212110 + 3?
30103212113
In base 5, what is -14212211 + -4?
-14212220
In base 16, what is 11bee - 9?
11be5
In base 7, what is 330564 + 3?
330600
In base 4, what is -213013 + 1132?
-211221
In base 9, what is 24527 - 5?
24522
In base 5, what is 3111 - -232?
3343
In base 11, what is 3206 - 215?
2aa1
In base 5, what is -3140 + -3121?
-11311
In base 11, what is 3824 + 600?
4324
In base 6, what is -12422 - -14?
-12404
In base 4, what is -102300 - -11310?
-30330
In base 12, what is -769a4 + 5?
-7699b
In base 14, what is 6 + -116230?
-116228
In base 5, what is -11 - -1044422?
1044411
In base 14, what is -2da7 - 14?
-2dbb
In base 4, what is -11 + 121122212?
121122201
In base 2, what is -10010000000 + -110011?
-10010110011
In base 11, what is -1 + 10004a?
100049
In base 8, what is -1433 + 51?
-1362
In base 16, what is -4 + 10b?
107
In base 16, what is -271 - -15?
-25c
In base 13, what is 135615 + 4?
135619
In base 14, what is 1a7 - -12b?
2d4
In base 13, what is -146cc + 20?
-146ac
In base 9, what is -6 - 132185?
-132202
In base 14, what is -66c8d - -5?
-66c88
In base 5, what is -1 + 340012?
340011
In base 8, what is -156 - -324?
146
In base 4, what is -13 - -3122202?
3122123
In base 6, what is 3025 - -33352?
40421
In base 9, what is 132440 - 1?
132438
In base 10, what is 2 + -131591?
-131589
In base 8, what is 65 - 213504?
-213417
In base 14, what is 47 - b210?
-b1a7
In base 10, what is -179 + -76?
-255
In base 15, what is -19e + 6?
-198
In base 7, what is -16 + -1214042?
-1214061
In base 14, what is -2 - -984ad?
984ab
In base 9, what is 27180 + 4?
27184
In base 10, what is 77096 + -4?
77092
In base 10, what is -9 + 64032?
64023
In base 3, what is 100210 + 222010?
1022220
In base 11, what is -1 - -a361?
a360
In base 5, what is 103013 + -100?
102413
In base 3, what is 2 - -1112022110?
1112022112
In base 13, what is -293 + 244?
-4c
In base 6, what is -51523 + -2?
-51525
In base 11, what is 16972 - -9?
16980
In base 5, what is -2214013 + -10?
-2214023
In base 10, what is 0 + -37597?
-37597
In base 3, what is -1222200 + -11122011?
-20121211
In base 6, what is 530 - -10025?
10555
In base 6, what is -505 - 154131?
-155040
In base 6, what is -5 + -12131125?
-12131134
In base 3, what is 21 + 12202002?
12202100
In base 4, what is -2 + -1331302020?
-1331302022
In base 2, what is -10101000101 - -10100101?
-10010100000
In base 9, what is -48321 + 2?
-48318
In base 10, what is 48962 - -11?
48973
In base 6, what is -1123 - 13?
-1140
In base 13, what is 25 - -428?
450
In base 5, what is -12042 - 101?
-12143
In base 13, what is 10 + b1b?
b2b
In base 2, what is 11 + 10000110?
10001001
In base 12, what is 3007 + -6?
3001
In base 6, what is 20034131 - -4?
20034135
In base 4, what is -10 - 20332322?
-20332332
In base 6, what is -33111 - -4?
-33103
In base 2, what is -11010101111001010 + 0?
-11010101111001010
In base 13, what is -6305 - 3?
-6308
In base 6, what is 12405 - -345?
13154
In base 9, what is 1 + 340846?
340847
In base 6, what is 212422 + -5?
212413
In base 10, what is -1956 - 555?
-2511
In base 15, what is 2778a + -b?
2777e
In base 9, what is -217446 - -3?
-217443
In base 4, what is -122332012 - -11?
-122332001
In base 15, what is 6659 - -6?
6660
In base 16, what is -1253c + -6?
-12542
In base 8, what is -245 - 255?
-522
In base 4, what is 2201 - -1322?
10123
In base 16, what is 618 - -394?
9ac
In base 7, what is -61 - 23656?
-24050
In base 15, what is 16 + a591?
a5a7
In base 6, what is -21 + -1551412?
-1551433
In base 2, what is -1101000110101011 - 10100?
-1101000110111111
In base 11, what is 4 + -1368?
-1364
In base 10, what is -66983 - -1?
-66982
In base 5, what is 303 - 10010?
-4202
In base 2, what is -100010 - -100010100100110011?
100010100100010001
In base 14, what is -11b + -4?
-121
In base 8, what is 32 + 6552?
6604
In base 16, what is -2 - 415b6?
-415b8
In base 7, what is 1 - -5605?
5606
In base 13, what is -2 - -20b8a9?
20b8a7
In base 14, what is -3 + -34cb4?
-34cb7
In base 7, what is 242404 + 1?
242405
In base 6, what is 1 + -4042?
-4041
In base 3, what is -1010021 - 1102?
-1011200
In base 3, what is 121002 - 1112202?
-221200
In base 3, what is 21 + -11100110202?
-11100110111
In base 3, what is 11022121 + -22?
11022022
In base 12, what is -4 + 3b74?
3b70
In base 11, what is 382 - 202?
180
In base 12, what is 48 - -373a?
3786
In base 2, what is 110011101111 - 1011111?
110010010000
In base 12, what is -212197 + 1?
-212196
In base 5, what is -11222222 + 4?
-11222213
In base 4, what is 101103330 - -10?
101110000
In base 4, what is -10 - -3011111313?
3011111303
In base 3, what is 20001200001 - 11?
20001122220
In base 6, what is 25524041 + -3?
25524034
In base 4, what is -121212002 + -20?
-121212022
In base 5, what is 20203 - 1303?
13400
In base 3, what is 22 - 210001221?
-210001122
In base 14, what is d22 - 451?
8b1
In base 15, what is -9 + -436e0?
-436e9
In base 11, what is 6 - 144a5?
-1449a
In base 9, what is -187 + -37013?
-37211
In base 4, what is 232 - 22013?
-21121
In base 16, what is -10f3 - -8?
-10eb
In base 15, what is 12b - 264b?
-2520
In base 10, what is -103181 - -15?
-103166
In base 15, what is 1 + -50bd?
-50bc
In base 15, what is -1302c + 16?
-13016
In base 14, what is 92 + -1206?
-1154
In base 14, what is -307 - 451?
-758
In base 10, what is -5 - 5433?
-5438
In base 13, what is 5 - 371bb?
-371b6
In base 10, what is -787264 + -4?
-787268
In base 9, what is 61140 + 35?
61175
In base 13, what is -31a8bc + 1?
-31a8bb
In base 9, what is -15118 - 58?
-15177
In base 5, what is -2 + 203113?
203111
In base 2, what is -10101010011011111100 + -1?
-10101010011011111101
In base 2, what is 1111 - -11111101?
100001100
In base 5, what is -1224104 + 100?
-1224004
In base 8, what is -727 + 43?
-664
In base 7, what is -12644 + -50?
-13024
In base 14, what is ab + 1b3b?
1c08
In base 5, what is -32123 + -424?
-33102
In base 12, what is a0a - -5?
a13
In base 16, what is -125 - -30?
-f5
In base 16, what is -3f1b - -3?
-3f18
In base 13, what is 2 + -1651?
-164c
In base 9, what is 5 - -24?
30
In base 16, what is -4fe - -4?
-4fa
In base 2, what is 10110010011 - -10?
10110010101
In base 13, what is b - 1389?
-137b
In base 11, what is -11 + 920?
90a
In base 2, what is -101 - -110100000010000?
110100000001011
In base 8, what is 25 - 54427?
-54402
In base 11, what is a8019 + -2?
a8017
In base 14, what is -4 - 58319?
-5831d
In base 6, what is -2431 - 1324?
-4155
In base 14, what is 397 + 290?
647
In base 13, what is -a05 - -8b?
-947
In base 12, what is -221a + 205?
-2015
In base 9, what is 6828 - -1?
6830
In base 11, what is 4 - -741125?
741129
In base 10, what is 31437 - -2?
31439
In base 2, what is 110011 + 11001111?
100000010
In base 7, what is -23 + 25623?
25600
In base 14, what is 11 + -2599?
-2588
In base 8, what is -14604 - 16?
-14622
In base 2, what is -10111101111100 + 110?
-10111101110110
In base 16, what is -52d + 178?
-3b5
In base 15, what is -6 + -a7b?
-a82
In base 16, what is -11 - 67a5?
-67b6
In base 12, what is -1548 - -12?
-1536
In base 15, what is -743 + 3a5?
-38d